{"id":1002106,"date":"2023-03-25T12:00:30","date_gmt":"2023-03-25T12:00:30","guid":{"rendered":"https:\/\/seckindis.com\/ekibimiz\/fachzahnarzt-fatih-seckin\/"},"modified":"2025-10-31T03:46:24","modified_gmt":"2025-10-31T03:46:24","slug":"fachzahnarzt-fatih-seckin","status":"publish","type":"page","link":"https:\/\/seckindis.com\/de\/unser-team\/fachzahnarzt-fatih-seckin\/","title":{"rendered":"Fachzahnarzt Fatih Se\u00e7kin"},"content":{"rendered":"\t\t<div data-elementor-type=\"wp-page\" data-elementor-id=\"1002106\" class=\"elementor elementor-1002106 elementor-3550\" data-elementor-post-type=\"page\">\n\t\t\t\t\t\t<section class=\"elementor-section elementor-top-section elementor-element elementor-element-66501ac3 elementor-section-full_width elementor-section-height-default elementor-section-height-default\" data-id=\"66501ac3\" data-element_type=\"section\">\n\t\t\t\t\t\t<div class=\"elementor-container elementor-column-gap-no\">\n\t\t\t\t\t<div class=\"elementor-column elementor-col-100 elementor-top-column elementor-element elementor-element-25ebd05\" data-id=\"25ebd05\" data-element_type=\"column\">\n\t\t\t<div class=\"elementor-widget-wrap elementor-element-populated\">\n\t\t\t\t\t\t<div class=\"elementor-element elementor-element-4c040fa8 elementor-widget elementor-widget-text-editor\" data-id=\"4c040fa8\" data-element_type=\"widget\" data-widget_type=\"text-editor.default\">\n\t\t\t\t<div class=\"elementor-widget-container\">\n\t\t\t\t\t\t\t<h3>Fatih Se\u00e7kin<\/h3>\n<p><b>Endodontie-Spezialist | Gr\u00fcnder der Se\u00e7kin Dental Mund- und Zahngesundheitsklinik<\/b><\/p>\n<p><b>Lebenslauf<\/b><\/p>\n<ul>\n<li><span style=\"background-color: var( --e-global-color-vamtam_accent_2 ); color: var( --e-global-color-a9cf77f ); letter-spacing: var( --e-global-typography-8464352-letter-spacing ); text-transform: var( --e-global-typography-8464352-text-transform ); word-spacing: var( --e-global-typography-8464352-word-spacing );\">Dr. Fatih Se\u00e7kin schloss sein Grundstudium in Sakarya ab und absolvierte 2011 sein Studium an der Zahnmedizinischen Fakult\u00e4t der Universit\u00e4t Istanbul. Im selben Jahr begann er seine Doktorandenausbildung an der Fakult\u00e4t f\u00fcr Zahnmedizin der Universit\u00e4t Istanbul im Fachbereich Prothetische Zahnbehandlung. 2013 legte er die Facharztpr\u00fcfung f\u00fcr Zahnmedizin ab und begann seine Facharztausbildung an der Fakult\u00e4t f\u00fcr Zahnmedizin der Atat\u00fcrk-Universit\u00e4t im Fachbereich Endodontie.   <\/span><\/li>\n<li><span style=\"background-color: var( --e-global-color-vamtam_accent_2 ); color: var( --e-global-color-a9cf77f ); letter-spacing: var( --e-global-typography-8464352-letter-spacing ); text-transform: var( --e-global-typography-8464352-text-transform ); word-spacing: var( --e-global-typography-8464352-word-spacing );\">Zwischen 2017 und 2021 absolvierte er seinen Pflichtdienst im Gesundheitsministerium und war im gleichen Zeitraum aktiv in den Filyasyon-Teams im Kampf gegen COVID-19 t\u00e4tig. Seit 2021 arbeitet er zusammen mit seiner Frau, einer Kieferchirurgin, in seiner eigenen Privatklinik. <\/span><\/li>\n<li><span style=\"background-color: var( --e-global-color-vamtam_accent_2 ); color: var( --e-global-color-a9cf77f ); letter-spacing: var( --e-global-typography-8464352-letter-spacing ); text-transform: var( --e-global-typography-8464352-text-transform ); word-spacing: var( --e-global-typography-8464352-word-spacing );\">Seit 2022 ist er als Akademiker am Fachbereich Endodontie der Zahnmedizinischen Fakult\u00e4t der Beykent-Universit\u00e4t t\u00e4tig. Er hat internationale Publikationen zu seinem Fachgebiet Endodontie ver\u00f6ffentlicht. Er ist verheiratet und Vater eines Kindes.  <\/span><\/li>\n<\/ul>\n<ul>\n<\/ul>\t\t\t\t\t\t<\/div>\n\t\t\t\t<\/div>\n\t\t\t\t<div class=\"elementor-element elementor-element-59358791 elementor-shape-circle elementor-grid-2 e-grid-align-left e-grid-align-mobile-left elementor-widget__width-auto elementor-widget elementor-widget-social-icons\" data-id=\"59358791\" data-element_type=\"widget\" data-widget_type=\"social-icons.default\">\n\t\t\t\t<div class=\"elementor-widget-container\">\n\t\t\t\t\t<div class=\"elementor-social-icons-wrapper elementor-grid\">\n\t\t\t\t\t\t\t<span class=\"elementor-grid-item\">\n\t\t\t\t\t<a class=\"elementor-icon elementor-social-icon elementor-social-icon-linkedin elementor-repeater-item-c7c5b59\" href=\"http:\/\/linkedin.com\" target=\"_blank\" rel=\"noopener\">\n\t\t\t\t\t\t<span class=\"elementor-screen-only\">Linkedin<\/span>\n\t\t\t\t\t\t<i class=\"fab fa-linkedin\"><\/i>\t\t\t\t\t<\/a>\n\t\t\t\t<\/span>\n\t\t\t\t\t\t\t<span class=\"elementor-grid-item\">\n\t\t\t\t\t<a class=\"elementor-icon elementor-social-icon elementor-social-icon-twitter elementor-repeater-item-7b267b3\" target=\"_blank\">\n\t\t\t\t\t\t<span class=\"elementor-screen-only\">Twitter<\/span>\n\t\t\t\t\t\t<i class=\"fab fa-twitter\"><\/i>\t\t\t\t\t<\/a>\n\t\t\t\t<\/span>\n\t\t\t\t\t<\/div>\n\t\t\t\t<\/div>\n\t\t\t\t<\/div>\n\t\t\t\t<div class=\"vamtam-has-theme-widget-styles elementor-element elementor-element-735ae8cc vamtam-has-underline-anim elementor-widget__width-auto elementor-widget elementor-widget-button\" data-id=\"735ae8cc\" data-element_type=\"widget\" data-widget_type=\"button.default\">\n\t\t\t\t<div class=\"elementor-widget-container\">\n\t\t\t\t\t\t\t<div class=\"elementor-button-wrapper\">\n\t\t\t\t\t<a class=\"elementor-button elementor-button-link elementor-size-sm\" href=\"https:\/\/seckindis.com\/de\/unser-team\/\">\n\t\t\t\t\t\t<span class=\"elementor-button-content-wrapper\">\n\t\t\t\t\t\t\t\t\t<span class=\"elementor-button-text\">Back to Team Members<\/span>\n\t\t\t\t\t<\/span>\n\t\t\t\t\t<\/a>\n\t\t\t\t<\/div>\n\t\t\t\t\t\t<\/div>\n\t\t\t\t<\/div>\n\t\t\t\t\t<\/div>\n\t\t<\/div>\n\t\t\t\t\t<\/div>\n\t\t<\/section>\n\t\t\t\t<\/div>\n\t\t","protected":false},"excerpt":{"rendered":"<p>Zahnarzt, Spezialist f\u00fcr Wurzelkanalbehandlungen<\/p>\n","protected":false},"author":1,"featured_media":1001294,"parent":1002082,"menu_order":1,"comment_status":"closed","ping_status":"closed","template":"","meta":{"footnotes":""},"class_list":["post-1002106","page","type-page","status-publish","has-post-thumbnail","hentry"],"_links":{"self":[{"href":"https:\/\/seckindis.com\/de\/wp-json\/wp\/v2\/pages\/1002106","targetHints":{"allow":["GET"]}}],"collection":[{"href":"https:\/\/seckindis.com\/de\/wp-json\/wp\/v2\/pages"}],"about":[{"href":"https:\/\/seckindis.com\/de\/wp-json\/wp\/v2\/types\/page"}],"author":[{"embeddable":true,"href":"https:\/\/seckindis.com\/de\/wp-json\/wp\/v2\/users\/1"}],"replies":[{"embeddable":true,"href":"https:\/\/seckindis.com\/de\/wp-json\/wp\/v2\/comments?post=1002106"}],"version-history":[{"count":1,"href":"https:\/\/seckindis.com\/de\/wp-json\/wp\/v2\/pages\/1002106\/revisions"}],"predecessor-version":[{"id":1002107,"href":"https:\/\/seckindis.com\/de\/wp-json\/wp\/v2\/pages\/1002106\/revisions\/1002107"}],"up":[{"embeddable":true,"href":"https:\/\/seckindis.com\/de\/wp-json\/wp\/v2\/pages\/1002082"}],"wp:featuredmedia":[{"embeddable":true,"href":"https:\/\/seckindis.com\/de\/wp-json\/wp\/v2\/media\/1001294"}],"wp:attachment":[{"href":"https:\/\/seckindis.com\/de\/wp-json\/wp\/v2\/media?parent=1002106"}],"curies":[{"name":"wp","href":"https:\/\/api.w.org\/{rel}","templated":true}]}}

Fachzahnarzt Fatih Seçkin

<div data-elementor-type="wp-page" data-elementor-id="1002106" class="elementor elementor-1002106 elementor-3550" data-elementor-post-type="page">
						<section class="elementor-section elementor-top-section elementor-element elementor-element-66501ac3 elementor-section-full_width elementor-section-height-default elementor-section-height-default" data-id="66501ac3" data-element_type="section">
						<div class="elementor-container elementor-column-gap-no">
					<div class="elementor-column elementor-col-100 elementor-top-column elementor-element elementor-element-25ebd05" data-id="25ebd05" data-element_type="column">
			<div class="elementor-widget-wrap elementor-element-populated">
						<div class="elementor-element elementor-element-4c040fa8 elementor-widget elementor-widget-text-editor" data-id="4c040fa8" data-element_type="widget" data-widget_type="text-editor.default">
				<div class="elementor-widget-container">
							<h3>Fatih Seçkin</h3>
<p><b>Endodontie-Spezialist | Gründer der Seçkin Dental Mund- und Zahngesundheitsklinik</b></p>
<p><b>Lebenslauf</b></p>
<ul>
<li><span style="background-color: var( --e-global-color-vamtam_accent_2 ); color: var( --e-global-color-a9cf77f ); letter-spacing: var( --e-global-typography-8464352-letter-spacing ); text-transform: var( --e-global-typography-8464352-text-transform ); word-spacing: var( --e-global-typography-8464352-word-spacing );">Dr. Fatih Seçkin schloss sein Grundstudium in Sakarya ab und absolvierte 2011 sein Studium an der Zahnmedizinischen Fakultät der Universität Istanbul. Im selben Jahr begann er seine Doktorandenausbildung an der Fakultät für Zahnmedizin der Universität Istanbul im Fachbereich Prothetische Zahnbehandlung. 2013 legte er die Facharztprüfung für Zahnmedizin ab und begann seine Facharztausbildung an der Fakultät für Zahnmedizin der Atatürk-Universität im Fachbereich Endodontie.   </span></li>
<li><span style="background-color: var( --e-global-color-vamtam_accent_2 ); color: var( --e-global-color-a9cf77f ); letter-spacing: var( --e-global-typography-8464352-letter-spacing ); text-transform: var( --e-global-typography-8464352-text-transform ); word-spacing: var( --e-global-typography-8464352-word-spacing );">Zwischen 2017 und 2021 absolvierte er seinen Pflichtdienst im Gesundheitsministerium und war im gleichen Zeitraum aktiv in den Filyasyon-Teams im Kampf gegen COVID-19 tätig. Seit 2021 arbeitet er zusammen mit seiner Frau, einer Kieferchirurgin, in seiner eigenen Privatklinik. </span></li>
<li><span style="background-color: var( --e-global-color-vamtam_accent_2 ); color: var( --e-global-color-a9cf77f ); letter-spacing: var( --e-global-typography-8464352-letter-spacing ); text-transform: var( --e-global-typography-8464352-text-transform ); word-spacing: var( --e-global-typography-8464352-word-spacing );">Seit 2022 ist er als Akademiker am Fachbereich Endodontie der Zahnmedizinischen Fakultät der Beykent-Universität tätig. Er hat internationale Publikationen zu seinem Fachgebiet Endodontie veröffentlicht. Er ist verheiratet und Vater eines Kindes.  </span></li>
</ul>
<ul>
</ul>						</div>
				</div>
				<div class="elementor-element elementor-element-59358791 elementor-shape-circle elementor-grid-2 e-grid-align-left e-grid-align-mobile-left elementor-widget__width-auto elementor-widget elementor-widget-social-icons" data-id="59358791" data-element_type="widget" data-widget_type="social-icons.default">
				<div class="elementor-widget-container">
					<div class="elementor-social-icons-wrapper elementor-grid">
							<span class="elementor-grid-item">
					<a class="elementor-icon elementor-social-icon elementor-social-icon-linkedin elementor-repeater-item-c7c5b59" href="http://linkedin.com" target="_blank" rel="noopener">
						<span class="elementor-screen-only">Linkedin</span>
						<i class="fab fa-linkedin"></i>					</a>
				</span>
							<span class="elementor-grid-item">
					<a class="elementor-icon elementor-social-icon elementor-social-icon-twitter elementor-repeater-item-7b267b3" target="_blank">
						<span class="elementor-screen-only">Twitter</span>
						<i class="fab fa-twitter"></i>					</a>
				</span>
					</div>
				</div>
				</div>
				<div class="vamtam-has-theme-widget-styles elementor-element elementor-element-735ae8cc vamtam-has-underline-anim elementor-widget__width-auto elementor-widget elementor-widget-button" data-id="735ae8cc" data-element_type="widget" data-widget_type="button.default">
				<div class="elementor-widget-container">
							<div class="elementor-button-wrapper">
					<a class="elementor-button elementor-button-link elementor-size-sm" href="https://seckindis.com/de/unser-team/">
						<span class="elementor-button-content-wrapper">
									<span class="elementor-button-text">Back to Team Members</span>
					</span>
					</a>
				</div>
						</div>
				</div>
					</div>
		</div>
					</div>
		</section>
				</div>

<p>Zahnarzt, Spezialist für Wurzelkanalbehandlungen</p>
